 + 4*q**2 + q - 2. What is the remainder when 8/2 + 207/23 is divided by c(-3)?
1
What is the remainder when (-4)/6 - (-23)/3 is divided by (1/2 + 0)*(-3 - -11)?
3
Let y(z) = -2*z**3 - 25*z**2 - 36*z - 20. What is the remainder when 50 is divided by y(-11)?
11
Let n(t) = -t**2 - 7*t + 7. Let j = 62 + -63. What is the remainder when n(-6) is divided by ((-21)/6*j)/(2/4)?
6
Suppose 4*v - 52 = -2*n, -2*n - 5*v - 8 = -64. Let g = -13 - -15. Suppose 5*h + 43 = g*k, -3*k + 2*h = -k - 58. What is the remainder when k is divided by n?
16
Let m = 20 - 51. Let x = 45 + m. Suppose -3*s + 6*s - 78 = 0. Calculate the remainder when s is divided by x.
12
Let o(c) = -c**3 + 8*c**2 + 5*c + 13. Calculate the remainder when 527 is divided by o(8).
50
Let x(l) = 4*l + 6. Let j(c) = -13*c - 19. Let z(i) = 6*j(i) + 17*x(i). What is the remainder when 149 is divided by z(-5)?
35
Let a(x) = -x**2 - 8*x + 16. Let i be a(-9). Suppose -3*h = -i*h + 64. What is the remainder when 61 is divided by h?
13
Let u(p) = -p**2 + 9*p + 13. Let c be u(10). Suppose -2*q + c*q = 59. What is the remainder when q is divided by 16?
11
Suppose -5*l + 31 = 2*a - 29, 4*a - 120 = -4*l. Let z be (-3)/6 - 21/2. Let p = z + a. Calculate the remainder when p is divided by 5.
4
Let v(w) = 15*w - 5. Let d be v(15). Suppose -y = -6*y + d. What is the remainder when y is divided by 32?
12
Let v(c) = -42*c - 99. Calculate the remainder when v(-6) is divided by 39.
36
Let f = -1251 + 1266. Calculate the remainder when 74 is divided by f.
14
Calculate the remainder when (3/(-4))/((-162)/46224) is divided by 5.
4
Suppose -4052 = -4*c - 5*x + 7*x, -5*x - 2026 = -2*c. Calculate the remainder when c is divided by 35.
33
Suppose -23*b = -33*b + 270. Calculate the remainder when 91 is divided by b.
10
Let m(v) = v - 10. Let u be m(15). Suppose -b = -u*r + 103 - 21, -2*b - 79 = -5*r. Calculate the remainder when 48 is divided by r.
14
Let g be (26/(-2) - -2) + 3. Let s = g + 6. Calculate the remainder when 14 is divided by (-75)/(-9) + s/6.
6
Suppose -14*r = -825 - 1303. Suppose r = 5*l - 2*p + 6*p, -22 = -l - 5*p. Calculate the remainder when l is divided by 17.
15
Suppose 4*x - 185 - 163 = 0. What is the remainder when x is divided by 11?
10
Let k = 32 - 23. Suppose -3 - k = 6*d. Calculate the remainder when 79 is divided by (d/(-3))/((-8)/(-492)).
38
Suppose 14*a - 12*a = 36. Let v = -13 + a. Suppose q = 14 - v. Calculate the remainder when 60 is divided by q.
6
Suppose -2*n + 4*n = -8. Let c be n + (-5)/((-20)/28). Suppose c*i = 3*o - 156, -i - 298 = -4*o - 93. Calculate the remainder when o is divided by 13.
12
Let d(w) = 7*w - 17. Let y be (-28)/6*39/(-26). What is the remainder when d(12) is divided by ((-18)/y)/(3/(-21))?
13
Suppose 0 = -18*o + 11*o + 182. What is the remainder when 93 is divided by o?
15
Suppose 13*l = 9*l + 4*k + 64, l = -4*k + 6. Let a(v) = -32*v - 1. What is the remainder when a(-3) is divided by l?
11
Let t = 29 - 17. Let s = t - 9. Suppose -k + 4 = -1. What is the remainder when k is divided by s?
2
Suppose 41*h = 991 + 936. Calculate the remainder when h is divided by 3.
2
Suppose -128*r + 3480 = -108*r. Calculate the remainder when r is divided by 95.
79
Let t be -3 - (-847)/21 - 4/(-6). Suppose n + 2*k - 64 = 0, -2*n - 5*k + 94 = -t. Calculate the remainder when n is divided by 19.
18
Let q(r) = -r + 1. Let j(b) = 4*b - 7. Let o(m) = j(m) + 2*q(m). Let z be o(3). Calculate the remainder when 43 is divided by (-22)/6*(-5 - z).
21
Suppose -i + 41 = g, -4*i + 155 = -0*g + g. Suppose i*h = 39*h - 83. What is the remainder when h is divided by 22?
17
Suppose -4*u + 46 = -2*t, -2*u = 3*t - 7 - 4. Let q(c) = 89*c - 130. Calculate the remainder when q(2) is divided by u.
8
Let q = -8 + 10. Suppose 0 = -v - 4*v - 10, t - 9 = -q*v. What is the remainder when 37 is divided by t?
11
Suppose 4*f - 4*z - 363 = 117, 5*z = -5*f + 620. What is the remainder when f is divided by 50?
22
Suppose 4*x = d - 31, 4*x - 155 = -5*d + 120. What is the remainder when d is divided by 37?
14
Let t be (-1)/10*-8*(-915)/(-6). Let k = t - 80. Calculate the remainder when k is divided by 16.
10
Suppose 29*n + 45 = 28*n. Let h = n + 53. Calculate the remainder when h is divided by 3.
2
Let g(v) = -165*v - 438. What is the remainder when 267 is divided by g(-3)?
39
Suppose -93 = -5*d + 3*a + 161, -204 = -4*d + 2*a. Let k = 1 - -26. Calculate the remainder when d is divided by k.
25
Let f(n) = -n**2 + 31*n + 99. What is the remainder when 657 is divided by f(33)?
30
Calculate the remainder when 387 is divided by ((-312)/(-2))/(8 - 6).
75
Let t(r) = -r**3 - 6*r**2 + 8*r + 1. Let o be t(-7). Suppose 0 = -5*u + 8 + 62. What is the remainder when u is divided by (-305)/(-40) + o/(-16)?
6
Suppose -638 = -273*u + 262*u. Calculate the remainder when u is divided by 30.
28
Let y be (-4*2/3)/((-4)/(-6)). What is the remainder when 301 is divided by (836/16)/(-11)*y?
16
Suppose -13 = -r + 8. Let z = 0 + 5. Suppose 3*b = 3*x - 2*b - 17, -4*x + z*b = -r. Calculate the remainder when 15 is divided by x.
3
Let q = 2642 + -2629. Suppose 0*x - 4*x + 56 = 0. What is the remainder when x is divided by q?
1
Let l(r) = -13*r + 35. Let x be l(11). Let q = x - -134. What is the remainder when 127 is divided by q?
23
Let x = 16 + -16. Suppose x = -2*j - c + 90, c = -j + 4*c + 59. Let v = 18 + j. What is the remainder when v is divided by 11?
10
Suppose 5*w = 28 + 237. Let f = 8 - 0. Suppose f*z + z - 126 = 0. Calculate the remainder when w is divided by z.
11
Let t(z) = -z + 1. Let k be t(1). Suppose 3*a + 5*j - 93 = 0, -3*j + k*j = 5*a - 155. Suppose 32 = h + 3*h. What is the remainder when a is divided by h?
7
Let l(d) = -28*d - 395. What is the remainder when 128 is divided by l(-15)?
3
Let q(u) = u**2 + 8*u + 13. Suppose k + 5 - 25 = 3*l, -5*l - 4*k - 56 = 0. Calculate the remainder when q(l) is divided by 11.
2
Let i = 168 - 239. What is the remainder when (2*-4)/2 - i is divided by 17?
16
Let f(p) = -p**3 + 9*p**2 - 8*p - 1. Let w be f(8). What is the remainder when 11*(0/(-5) - w) is divided by 3?
2
Suppose -29*x + 18*x + 1001 = 0. Calculate the remainder when x is divided by 50.
41
Let a(f) = -16*f**3 - f. Suppose -3*v = -5*u + 500, 8*u - 4*u + 4*v - 368 = 0. Calculate the remainder when u is divided by a(-1).
12
Let v(q) = 7 + 4 + q - 2*q + q**2. Let x = -24154 - -24161. Calculate the remainder when v(0) is divided by x.
4
What is the remainder when -68*(3/(-10))/((-8)/(-20)) is divided by 21?
9
Let p(w) = -26*w**2 - 4*w + 4. Let k(m) = -13*m**2 - 2*m + 2. Let n(v) = -5*k(v) + 2*p(v). What is the remainder when n(-2) is divided by 24?
22
Let z = 5 - 0. Suppose -6*d + 40 = -3*v - d, -24 = 2*v - 2*d. Let m(u) = -u**3 - 10*u**2 + 2. Calculate the remainder when z is divided by m(v).
1
Suppose 96 = -5*y - 164. Let w = y - -32. Let r = w - -33. Calculate the remainder when 38 is divided by r.
12
Let v(t) = -14*t - 180. Calculate the remainder when 15/(-4)*(2 - 10) is divided by v(-14).
14
Let k = 103 - 46. Calculate the remainder when k is divided by 17.
6
Let i = 196 - 147. Calculate the remainder when i is divided by 27.
22
Let u = 134 + -95. Calculate the remainder when 1130 is divided by u.
38
Let f be 840/(-90)*(-6)/4. Suppose 0 = -10*a + f*a - 36. What is the remainder when 15 is divided by a?
6
Let r(o) = 22*o + 17. Calculate the remainder when r(4) is divided by 16.
9
What is the remainder when 101 is divided by ((-1)/2)/(7/(-574))?
19
Suppose c - 691 = 12*w - 16*w, 5*c = w - 199. What is the remainder when w is divided by 8?
6
Suppose -4*w = 5*o - 555, -w = -o - 3*o + 423. Calculate the remainder when o is divided by 28.
23
Let h = -43 - -4. Let l = h + 56. What is the remainder when 49 is divided by l?
15
Let d(b) be the first derivative of b**3/3 - 2*b**2 + b + 3. Let g be d(3). What is the remainder when 54 is divided by (g - (-15 - -1)) + 2?
12
Let w(z) = 8*z + 28. Let c be w(-3). Suppose c*v - 141 = -5*y, 5*v + 0*y = -5*y + 180. What is the remainder when 113 is divided by v?
35
Suppose 2*l = 2, -942 = -4*x - 4*l + 38. What is the remainder when x is divided by 13?
10
Suppose -4*q + 415 = 5*v, -4*q - 249 = -3*v - 0*v. Let b(z) = -3 + 3 + 3 + 4 + 7*z. Calculate the remainder when v is divided by b(3).
27
Suppo